*r - 135925 = -41299. What is the thousands digit of r?
2
Suppose -6*s + 4798 = 124. What is the hundreds digit of s?
7
Let o(v) = 5*v**2 + 2*v - 1. Let d be o(-2). Suppose d - 7 = -4*s. What is the tens digit of 12 + (-1 + s - -3)?
1
What is the units digit of (-29)/(232/(-3984)) + (-3)/(-1)?
1
Suppose 4796 = 31*x - 815. What is the tens digit of x?
8
Suppose 57*l + 16 = 55*l. Let a(h) = 3*h**2 + 9*h + 16. What is the tens digit of a(l)?
3
Suppose -1 - 17 = -3*y. Let b = y + -5. What is the units digit of (0 - b)/1 - -35?
4
Let j = -53 + 107. Suppose 5*r = 41 + j. Suppose 5*f + r = 44. What is the units digit of f?
5
Let u(x) = -x**2 + 19*x - 38. Let l be u(17). What is the tens digit of (52/(-8))/(l - (-103)/26)?
6
Suppose -3*s + 0*s = 9. Let w = s - -8. Let f = w - -44. What is the units digit of f?
9
Let i(x) = 9*x**2 + x. Let t be i(-1). Let z(k) = 3*k**2 - 9*k + 6. Let f(a) = 7*a**2 - 19*a + 12. Let n(o) = -2*f(o) + 5*z(o). What is the units digit of n(t)?
4
Let r = 67 - 63. Suppose -t + 0*t - 3*i + 25 = 0, -61 = -r*t + i. What is the units digit of t?
6
Suppose 859*m = 861*m - 852. What is the hundreds digit of m?
4
Let z be ((-928)/(-3) - -1) + (-18)/(-27). Let t = z + -125. What is the units digit of t?
6
Suppose -372*u = -371*u - 1254. What is the units digit of u?
4
Let w(c) = 17*c**2 - 98*c + 5. What is the hundreds digit of w(7)?
1
Let o(y) = -4 + 6*y**2 + 7*y**2 + 8*y**2 - 4*y + y**3 - 2. What is the units digit of o(-21)?
8
Let w(m) = -5 - 2*m + 3 - 9. Let h be w(11). Let u = h + 59. What is the units digit of u?
6
Let a(i) be the second derivative of -15*i**4/8 - i**3/6 + 5*i**2/2 - 4*i. Let m(g) be the first derivative of a(g). What is the units digit of m(-1)?
4
Suppose -7430 + 998 = -12*y. What is the tens digit of y?
3
What is the thousands digit of ((-18)/(-8))/(8/9056)?
2
Let m(c) = 148*c**2 - 21*c - 39. What is the thousands digit of m(-4)?
2
What is the units digit of 8 - 7256/(9 - 17)?
5
Suppose 7*x - c = 3*x + 146, 170 = 5*x + 5*c. Suppose 0 = 6*t - 9*t - 57. Let u = x + t. What is the tens digit of u?
1
What is the hundreds digit of ((-1)/(-1))/(-1) + 140672/128?
0
Let l = 643 + -342. What is the hundreds digit of l?
3
Let j = -495 - -1206. What is the hundreds digit of j?
7
Suppose 5*f = m + 15, 4*m + 3*f + 12 = 7*f. Suppose -176 = -n - 5*v, 3*n - 528 = -m*n + v. What is the hundreds digit of n?
1
Suppose 7392 = 12*y - 1980. What is the units digit of y?
1
Suppose -7*q + 424 + 171 = 0. What is the tens digit of q?
8
Let p be 0/((-1 - 1) + 1). Suppose q = -q + r, p = -3*q + r. Suppose -4*k - 4*u = k - 21, q = k + u - 5. What is the units digit of k?
1
Let s be -1*2/(5 - 3). Let v be -2 + (-1)/(s/22). Let t = v + -12. What is the units digit of t?
8
Let c(t) be the third derivative of t**6/120 - 7*t**5/60 + 7*t**4/24 - t**3/3 + t**2. Suppose -2*r = 1 - 13. What is the units digit of c(r)?
4
Suppose 5*z = -2*m - 5, -2*m - 3*z - 34 = -7*m. Suppose -h + w - 4*w + 151 = 0, m*h - 831 = 4*w. What is the hundreds digit of h?
1
Let p(h) = 3*h**2 + 2*h + 7. Let c be (-16)/40 + 18/(-5). What is the tens digit of p(c)?
4
Let c = 321 - 257. What is the tens digit of c?
6
Let q(a) = 66*a**2 - 31*a + 239. What is the tens digit of q(6)?
2
Let u(s) = 7*s**2 + 5*s - 10. Let d be u(-4). Let n = 121 - d. What is the units digit of n?
9
Let z = -18 - 7. Let c = 18 + z. What is the tens digit of (-15)/35 + (-213)/c?
3
Let c(x) = 105*x + 520. What is the tens digit of c(6)?
5
Suppose l = -5*r + 6*l + 2800, -4*r + 2240 = -5*l. What is the tens digit of r?
6
What is the units digit of -4 - 10/(-30)*291?
3
Let a = -5 + 314. What is the hundreds digit of a?
3
Suppose -4*d = 3*d - 98. Suppose -18 = 8*f - d*f. What is the units digit of f?
3
Let a(j) = -j**2 + 9*j + 12. Let s be 3 + (-2)/(6/(-21)). Let p be a(s). Suppose 3*r = p*r + 18. What is the units digit of r?
8
Suppose -51 = -0*y - 5*y + 4*o, 3*y + 5*o = 1. Let p be 36/24 + y/2. Suppose p*a - 7*a = -56. What is the tens digit of a?
2
Let g = 11 - -37. Suppose 0*z + 4*z = g. What is the units digit of z?
2
Suppose 2*v + 2 = 30. What is the tens digit of 164/8 - 7/v?
2
Suppose -30677 = -48*o - 629. What is the units digit of o?
6
Let w(u) = -3*u - 9. Let s be w(-3). Suppose 14*l - 8*l - 906 = s. What is the hundreds digit of l?
1
Suppose -18*c + 65251 - 22861 = 0. What is the units digit of c?
5
Suppose 0 = -21*k + 15088 + 5177. What is the tens digit of k?
6
Let a = 651 + -456. What is the tens digit of a?
9
Let l = -73 - -107. Let i = l + -38. What is the units digit of (1 - 1) + (-324)/i?
1
Let t be (6/(-5))/(3/(-435)). What is the hundreds digit of t/5*(-240)/(-36)?
2
Let q(a) = -a + 12. Suppose 0 = f + 2, 4*w = -5*f + 8 + 2. What is the units digit of q(w)?
7
Let w = 18 - 12. Let u(s) = s**3 - 4*s**2 + 2*s - 20. What is the tens digit of u(w)?
6
Let n = 8 + -2. Suppose -2*o + 2 + n = 0. Suppose 3*i - i - 54 = o*j, 2*i - 46 = -4*j. What is the units digit of i?
5
What is the tens digit of (-632)/(-12)*(-4 + (-22)/(-4))?
7
Let n(j) = 13*j**2 + 15*j + 55. What is the hundreds digit of n(-5)?
3
Suppose 3*k + 2*q + 2*q = 72, 0 = -4*k - 5*q + 97. Suppose -5*f - 18 = -k. Suppose 3*x = 3*o + 39, -f*o + 2 + 35 = 5*x. What is the units digit of x?
9
Let o(y) = -10*y**2 - 2*y. Let n be o(2). Suppose -z = -47 + 73. Let x = z - n. What is the tens digit of x?
1
Let l(n) = -n + 1. Let r(w) = -2*w - 5. Suppose -2*c - 5*a = -12 - 0, -4*c + 24 = 3*a. Let p(b) = c*l(b) + r(b). What is the tens digit of p(-3)?
2
Let w = -1131 + 1949. What is the units digit of w?
8
Let p(a) = 15*a**2 - 15*a + 121. What is the units digit of p(6)?
1
Let p be (15/(-2))/(29/(-2146)). Suppose -p = 12*k - 15*k. What is the hundreds digit of k?
1
Suppose 10357 = 5*c - a, -11*c + 13*c + 5*a = 4132. What is the units digit of c?
1
Suppose -3*g - 4*s + 7293 = 0, -5*g - 5*s - 333 + 12488 = 0. Suppose -8*q = 271 - g. What is the hundreds digit of q?
2
Let o be ((-3)/2)/((-3)/668). Suppose -4*h = -w - w + 16, 5*h = -2*w + 43. What is the tens digit of o/w + (-5)/(-35)?
2
Suppose -f + 5 = 1. Suppose -n = y - 37, 6*y - y - f*n = 203. What is the units digit of y?
9
Suppose 0 = -5*a - 3*a - 440. Let h be 2/8 - 202/8. Let l = h - a. What is the units digit of l?
0
Let r = 1005 - 441. What is the tens digit of r?
6
Let t(p) = 52*p - 115. What is the units digit of t(27)?
9
Suppose 6*d = -23 + 1967. What is the hundreds digit of d?
3
Suppose 4*o - 46 = 1882. What is the units digit of o?
2
Let j be (-154)/(-6) + (-2)/(-6). Suppose j = -3*k - 85. Let t = -13 - k. What is the tens digit of t?
2
Let i be 24/10 + 18/(-45). Suppose -i + 5 = -2*u + 5*a, 0 = u + 5*a - 21. Suppose b + 8 = 2*l, u*l - 4 = 5*l + 2*b. What is the units digit of l?
4
Let t be 10/(-25) + (-22)/(-5). Suppose -200 = -0*k + t*k + 4*x, -4*k - 175 = -x. Let j = 79 + k. What is the units digit of j?
4
Let w(b) be the first derivative of b**5/15 + b**4/12 + b**3/6 + 11*b**2/2 - 3. Let g(z) be the second derivative of w(z). What is the units digit of g(-3)?
1
What is the units digit of 17096/32 - (-6)/8?
5
Suppose -59*l + 61919 = -48*l. What is the hundreds digit of l?
6
What is the units digit of ((-92)/(-10))/(21 + (-13946)/665)?
2
Suppose 4*t - 928 = -2*c, -2268 = -5*c - 8*t + 11*t. What is the tens digit of c?
5
Suppose 3*f - 3*s + 6*s + 657 = 0, -2*s - 1086 = 5*f. Let t be -5*5/(100/f). What is the tens digit of 0*4/(-12) + t?
5
Let h(o) = o**2 + 7*o - 8. Suppose 3*g - 4*g = 8. Let f be h(g). Suppose 5*t - 5 + f = 0. What is the units digit of t?
1
Let k(a) be the second derivative of -a**5/10 - a**4/2 + 2*a**3/3 + 5*a**2/2 - 8*a. What is the units digit of k(-5)?
5
Let l = -1034 - -1450. What is the hundreds digit of l?
4
Suppose 4*k = -m + 17, 2*k + 27 = 6*k + 3*m. Let c be ((-1)/k)/((-3)/63). Suppose o + c - 28 = 0. What is the tens digit of o?
2
Let v be 0 - (1/6 + 1/(-6)). Suppose v = 5*q - 43 - 7. What is the units digit of q?
0
Let q(m) = -56*m**3 - 11*m**2 + 6*m + 5. Let u(w) = 11*w**3 + 2*w**2 - w - 1. Let s(d) = 2*q(d) + 11*u(d). What is the units digit of s(1)?
9
What is the hundreds digit of 10/(117/(-60) + (5 - 3))?
2
Suppose 0 = -20*l + 1077 + 4023. What is the tens digit of l?
5
Let m = 11 - -1062. What is the hundreds digit of m?
0
Let o(y) be the fi